 Let f be (-1)/(324/m + 4). Calculate the highest common divisor of 60 and f.
20
Suppose 3*z - 187 + 22 = 0. Let y(r) = r**3 - 11*r**2 + 13*r - 8. Let n be y(10). Calculate the highest common divisor of n and z.
11
Let z(s) = -s**3 - 6*s + 11. Let t be z(5). Let c = 158 + t. Calculate the highest common factor of 182 and c.
14
Let w = 666 + -660. What is the greatest common factor of 6 and w?
6
Suppose -3*b - 2*b = u - 84, b - 14 = -3*u. Let g be (-12)/(-9)*8/((-96)/(-306)). What is the highest common divisor of g and b?
17
Suppose -3*h - h = -256. Suppose 0 = -4*c + 184 + 200. Calculate the highest common divisor of h and c.
32
Let w = 6 + -1. Suppose -4*u + 3*u + 4 = 0. Suppose -u*t - 17 = -5, -j - 3*t = 8. Calculate the highest common divisor of w and j.
1
Let p = -38 + 60. Suppose -222 + p = -4*n. What is the greatest common factor of n and 125?
25
Let v(c) = c**2 + c + 2. Let k be v(-3). Let t = -68 + -6. Let i = -18 - t. What is the greatest common factor of k and i?
8
Suppose -104 - 1240 = -14*z. Calculate the highest common divisor of z and 32.
32
Let q be (-99)/6*(-8)/6. Let r(n) = n**3 + 36*n**2 + 196*n - 49. Let o be r(-29). What is the highest common divisor of o and q?
22
Let g be -27*(-4)/12 + 37. Calculate the greatest common factor of 529 and g.
23
Let h be -1 - 3 - -34 - 4. Let z(r) = -r + 44. Let b be z(h). Let m = 9 + 18. What is the greatest common divisor of b and m?
9
Let h be 35/(-25)*(-30 + 0). Calculate the greatest common factor of 154 and h.
14
Let x be (-56 - -196) + (-3)/(-2 - -1). Calculate the highest common factor of x and 11.
11
Let h(u) = 7*u - 31. Let z be h(6). What is the greatest common factor of z and 187?
11
Suppose 106 + 430 = 4*c. Let y = 195 - c. Suppose 3 + y = u. Calculate the greatest common factor of u and 8.
8
Let k(w) = -w**3 + 2*w**2 + 3*w - 5. Let f be k(2). Let o = 6 - f. Let z(c) = -c**2 + 9*c - 11. Let s be z(o). What is the highest common divisor of s and 18?
9
Suppose 3*s - 1 - 8 = 0. Suppose 0 = -s*m - 0*m, -x = 5*m - 84. What is the greatest common divisor of 21 and x?
21
Let o = -391 + 431. What is the greatest common divisor of 30 and o?
10
Let b = 668 + -626. What is the highest common divisor of b and 42?
42
Let r = 102 + 15. Let k(q) = q**3 - 6*q**2 + 7*q - 8. Let y be k(5). Suppose -38 + 64 = y*o. What is the highest common factor of o and r?
13
Suppose 0 = c + c + 3*a - 17, 0 = -2*c + 4*a - 4. Calculate the greatest common factor of c and 28.
4
Suppose -3*n + 75 = 3*f, -n - 91 = -3*f - 0*n. Suppose -g + 30 - f = 0. Let v be g*-1*(-5 - 220). Calculate the greatest common factor of v and 25.
25
Suppose 22440 = 11*b + 33*b. Calculate the highest common divisor of b and 408.
102
Suppose 9 = -3*a, -5*f = -0*a + 3*a - 1. Suppose -581 + 201 = -5*w. Suppose 4*h - 92 = r, -4*h + w = -5*r - 32. Calculate the highest common divisor of h and f.
2
Let k(w) = 35*w - 16. Let c be k(2). Let z be ((-104)/3)/(c/(-81)). Calculate the greatest common divisor of 4 and z.
4
Suppose -131 = -2*k - 3*x, -187 = 16*k - 19*k + 5*x. What is the greatest common factor of 48 and k?
16
Let g be (2 + 20/16)*8. Let y = 246 + -402. Let k be y*((-21)/6 - -3). Calculate the greatest common divisor of g and k.
26
Let k(i) = -i**3 + 8*i**2 - 3*i + 24. Let q be k(8). Suppose q = 4*h + 7*h - 1540. What is the highest common divisor of h and 28?
28
Suppose -3*w + v - 3*v - 25 = 0, -30 = 3*w - 3*v. Let y = w + 25. Suppose d = -2*d + 48. Calculate the greatest common factor of y and d.
16
Let p be ((-1792)/(-60) - 2) + 16/120. What is the greatest common divisor of p and 42?
14
Suppose 2*p - 13 + 105 = 0. Let n = -24 - p. What is the greatest common factor of n and 22?
22
Suppose 17 + 67 = 6*g. Let d(l) = -49*l - 49. Let o(y) = -1. Let f(z) = -d(z) + 49*o(z). Let c be f(2). What is the highest common divisor of c and g?
14
Let y be (8/(-6))/(6/(-27)). Let p(n) = -3*n + n - n + n**2 - 14 + 6. Let h be p(y). What is the greatest common divisor of h and 110?
10
Suppose -12*q + 3258 + 5166 = 0. Calculate the greatest common divisor of 26 and q.
26
Suppose 2*d - 567 = -5*d. Let a = -79 + d. What is the greatest common divisor of a and 1?
1
Suppose -141*w = -129*w - 600. What is the highest common factor of 450 and w?
50
Let l = 15 - 27. Let g(x) = -x - 3. Let r be g(l). Calculate the highest common divisor of r and 9.
9
Let q = 0 - -4. Suppose 0 = q*j - 4*y - y - 76, 116 = 5*j - y. Let v = -36 - -44. What is the greatest common factor of v and j?
8
Let i(u) be the first derivative of -u**4/4 + 4*u**3/3 + 3*u**2/2 - 4*u + 3. Let c be i(4). Calculate the greatest common factor of 12 and c.
4
Let r = -1416 - -1436. What is the greatest common factor of r and 190?
10
Let s(g) = -31*g - 134. Let q be s(-6). What is the highest common divisor of 68 and q?
4
Let m(j) = -3*j + 1. Let o be m(2). Let u = -23 - o. Let f be 22/4 - u/(-12). What is the greatest common divisor of 32 and f?
4
Suppose -8 = -3*q + 34. Suppose 0 = -5*c + 5, 0 = 4*b - 4*c + q - 138. Calculate the highest common factor of b and 8.
8
Let f(c) = -c**2 - 9*c - 10. Let b be f(-7). Let i(d) = d**2 + 5*d - 2. Let s be i(-7). Let o be 4/s*(15 + 3). Calculate the greatest common divisor of o and b.
2
Let y(q) = -32*q + 805. Let n be y(25). What is the highest common factor of 25 and n?
5
Let w = -378 - -734. What is the highest common factor of 4 and w?
4
Let v(i) = 151*i**2 - 6. Let r be v(2). Calculate the highest common divisor of 26 and r.
26
Suppose 0*g + 10 = -p - 3*g, 4*p - 5*g = 45. Let x = 18 - 10. Let n = p + x. What is the greatest common factor of 104 and n?
13
Let c(x) = 5*x**2 - 4*x**2 + 0*x**2 + 8*x. Suppose -s - 5*v = 4, 2*s - 7*v + 3*v = -22. Let a be c(s). What is the highest common factor of a and 36?
9
Suppose -2*s + 2*i = -72, 6*i + 170 = 5*s + 11*i. What is the greatest common factor of 140 and s?
35
Suppose 0 = -i + 5. Suppose o = -o, -i*o = 5*q - 450. Calculate the highest common divisor of q and 36.
18
Suppose -3*f = -0*f, 2*f - 8 = -2*x. Suppose -2*c = 4, -t - 3*c - 75 = -x*t. Calculate the highest common factor of t and 253.
23
Suppose -3*s = 4*m - 4564, 4*s + m + 4*m = 6085. What is the greatest common factor of 32 and s?
16
Let c be ((-5)/10)/((-2)/8*-1). Let p(b) = -6*b**3 - b**2 - 2*b - 3. Let z be p(c). What is the highest common divisor of 30 and z?
15
Suppose m + 60 = -5*m. Let n(f) = -3*f**2 - 11*f + 2*f**2 - 2 + 0. Let u be n(m). What is the greatest common divisor of 4 and u?
4
Let a be (45/12)/(18/96). Calculate the greatest common factor of a and 5.
5
Let g(j) = j**3 + 13*j**2 - 16*j - 22. Let o be g(-14). What is the highest common divisor of 426 and o?
6
Let q be (-2 - -2)/(-3 + 2). Let l(f) = f**2 - f - 74. Let m be l(q). Let n = m + 146. What is the greatest common factor of n and 9?
9
Let t(m) = -m**2 - 7*m - 7. Let f be t(-4). Suppose 14*u - 15*u + f = 0. Calculate the greatest common divisor of 60 and u.
5
Suppose -4*k = 9 - 41. Suppose -4*n + 2*n - 20 = -j, -j = -5*n - k. Suppose 8*z - j = 6*z. Calculate the greatest common factor of 21 and z.
7
Let m(s) = s - 4. Let j be m(-4). Let b = 28 + j. What is the highest common divisor of 220 and b?
20
Let b = -374 + 377. Calculate the highest common factor of b and 24.
3
Suppose -1 + 26 = 5*p, 3*q = -2*p + 274. Suppose -16*t + 5*r = -18*t + 21, -4*t + 30 = -2*r. Calculate the greatest common factor of q and t.
8
Let v = 199 - -29. Calculate the highest common factor of 12 and v.
12
Let h = 403 - 191. Calculate the highest common divisor of 4 and h.
4
Let h(b) = -2*b**3 - 10*b**2 + 6*b - 4. Let t be (-5 + 23)*(-5)/15. Let v be h(t). What is the greatest common divisor of 2 and v?
2
Let g be 846/(-27)*6/(-4). Suppose 50*f = g*f + 231. What is the greatest common factor of 33 and f?
11
Let z be 248/32*172 - 3. Calculate the highest common divisor of z and 70.
70
Suppose 2*r - 5*m = 33, 3*r - 3 = -3*m - 6. Suppose 2*f - 38 = -2*s, -f + r*s + 3 + 11 = 0. What is the greatest common factor of f and 45?
9
Suppose -13 = -5*u + 5*j + 17, 3*j = 4*u - 29. Let n be 7/(((-8)/396)/(-2)). Suppose -4*h - 5*h = -n. What is the highest common divisor of u and h?
11
Let y = 91 + -53. Let l = -717 - -1059. Calculate the highest common divisor of l and y.
38
Let s be 0 + 2 + 4 + 1. What is the gre